b(-40).
-565
Let y(a) = -3*a**2 + 475*a - 18254. What is y(93)?
-26
Let m(s) = 8*s**3 - 32*s**2 + 1048*s - 4215. What is m(4)?
-23
Let r(g) = -282*g - 35529. Give r(-129).
849
Let c(f) = 20756*f + 121748. What is c(-6)?
-2788
Let t(x) = -x**3 + 22*x**2 + 5790*x - 162005. What is t(29)?
18
Let w(a) = 9*a**2 - 11*a - 229. What is w(11)?
739
Let a(t) = -t**3 - 56*t**2 - 85*t + 21834. Calculate a(-32).
-22
Let v(m) = -123*m + 18412. Determine v(143).
823
Let w(o) = 603*o - 125798. Calculate w(209).
229
Let k(z) = 836*z + 30187. Determine k(-36).
91
Let j(h) = h**2 + 3882*h - 97678. Give j(25).
-3
Let i(f) = 462244*f - 16. Give i(0).
-16
Let v(i) = 1177*i - 74143. Determine v(63).
8
Let j(n) = -2572*n - 7631. Calculate j(-3).
85
Let i(x) = 9*x**3 + 1254*x**2 + 9818*x - 925. Calculate i(-131).
-8
Let u(g) = -1222*g - 25539. Give u(-21).
123
Let d(f) = 45783*f + 274698. Calculate d(-6).
0
Let h(a) = -23*a**2 + 723*a + 5199. Determine h(-6).
33
Let i(w) = -2*w**3 - 931*w**2 - 423*w + 19537. Give i(-465).
7
Let n(h) = 18530*h - 1612118. Give n(87).
-8
Let c(z) = z**3 + 19*z**2 + 519*z + 3696. Determine c(-8).
248
Let x(q) = -5*q**2 - 2115*q - 10453. Give x(-418).
-3
Let x(s) = 6101*s + 280749. What is x(-46)?
103
Let a(n) = -15*n + 1055. Calculate a(90).
-295
Let b(j) = 47*j**2 - 14807*j + 540. Give b(315).
-90
Let r(s) = 2*s**3 - 56*s**2 - 227*s + 6389. Calculate r(28).
33
Let b(k) = 3*k**3 + 6*k**2 + 1148*k + 4625. Calculate b(-4).
-63
Let k(s) = -4*s**3 + 236*s**2 + 1004*s + 266. Give k(63).
14
Let m(b) = b**3 - 50*b**2 - 127*b + 4021. Give m(51).
145
Let t(y) = 671*y + 62239. What is t(-94)?
-835
Let b(a) = -944*a - 17042. Determine b(-18).
-50
Let a(i) = -10*i**2 + 189*i - 9. Calculate a(32).
-4201
Let q(d) = -302*d - 22758. What is q(-80)?
1402
Let x(v) = 118*v - 384. Give x(2).
-148
Let z(d) = 12*d**2 - 3*d - 167. Determine z(6).
247
Let p(m) = -4*m**2 + 2852*m + 5695. Give p(-2).
-25
Let b(g) = -g**3 - 1100*g**2 - 1132*g - 30. Calculate b(-1).
3
Let t(x) = 78*x**2 + 307*x - 22. What is t(-4)?
-2
Let k(f) = f**3 - 992*f**2 - 7953*f - 47004. What is k(1000)?
-4
Let k(u) = -269*u - 50045. Give k(-185).
-280
Let h(u) = -2*u**2 + 1031*u + 37289. Determine h(-34).
-77
Let q(n) = n**3 - 312*n**2 + 1817*n + 52. Calculate q(6).
-62
Let g(c) = c**3 - 14*c**2 - 97*c + 969. Determine g(-9).
-21
Let r(u) = -62*u**3 - 241*u**2 - 485*u - 2065. Give r(-4).
-13
Let h(b) = 1770*b + 1592. Calculate h(0).
1592
Let z(r) = r**3 - 1217*r**2 - 3659*r - 1. What is z(-3)?
-4
Let w(d) = 240*d - 4843. What is w(21)?
197
Let a(d) = 38118*d + 342924. Determine a(-9).
-138
Let x(l) = -23236*l - 2370073. Give x(-102).
-1
Let x(z) = -11*z + 1135. Determine x(5).
1080
Let i(u) = 128669*u - 772073. What is i(6)?
-59
Let z(j) = -j**3 + 56*j**2 + 24498*j + 46. Give z(-131).
-85
Let l(c) = -51*c**2 + 106*c + 586. Give l(-6).
-1886
Let b(y) = y**2 + 55*y - 59972. What is b(219)?
34
Let r(n) = 16434*n - 5. What is r(0)?
-5
Let j(a) = 4*a**3 + 312*a**2 - 3519*a - 8. Calculate j(10).
2
Let m(r) = -3*r**3 + 547*r**2 + 45159*r - 4659. Determine m(244).
-23
Let t(g) = g**3 + 8*g**2 - 5771*g - 23121. Calculate t(-4).
27
Let l(i) = -14*i**3 + 339*i**2 - 72*i + 108. Determine l(24).
108
Let h(k) = -k**3 + 580*k**2 - 4578*k + 10. Give h(8).
-6
Let l(t) = t**2 + 970*t - 17610. Give l(18).
174
Let b(s) = s**3 - 139*s**2 - 427*s + 1012. Determine b(142).
870
Let r(h) = 564*h + 17505. Give r(-30).
585
Let h(d) = 3052*d + 24659. Determine h(-8).
243
Let j(h) = 18*h**3 + 59*h**2 - 119*h + 2. Determine j(2).
144
Let m(h) = -64*h**2 - 5038*h - 46651. What is m(-68)?
-3
Let o(t) = 2*t**3 - 39*t**2 + 65*t - 223. Calculate o(18).
-25
Let s(a) = a**3 + 20*a**2 - 147*a - 2977. Give s(-21).
-331
Let v(z) = -4594*z - 87266. Calculate v(-19).
20
Let i(r) = -75*r**2 + 7330*r - 5338. Determine i(97).
-3
Let w(y) = 18*y - 2965. Give w(71).
-1687
Let p(f) = -235*f - 1690. Calculate p(-9).
425
Let r(w) = -266*w - 7547. Give r(-15).
-3557
Let x(d) = d**3 - 7*d**2 - 68*d - 281. Calculate x(-7).
-491
Let w(c) = 8*c**3 - 727*c**2 + 624*c + 544. Give w(90).
4
Let o(y) = -337*y - 74075. Determine o(-220).
65
Let a(h) = -24*h**3 - 48*h**2 + 397*h + 786. Calculate a(-2).
-8
Let d(g) = 3*g**3 + 21*g**2 + 23*g + 39. Give d(-10).
-1091
Let w(i) = 11*i**2 - 4451*i - 26701. Give w(-6).
401
Let r(k) = 3*k**3 + 32*k**2 - 574*k - 6179. Calculate r(-11).
14
Let k(c) = -9*c**2 + 774*c - 16362. What is k(38)?
54
Let u(r) = 2*r**2 + 390*r + 5391. Give u(-14).
323
Let i(o) = 11*o**2 + 484*o + 5305. Determine i(-24).
25
Let a(t) = -2527*t**2 - 13361*t - 3651. Give a(-5).
-21
Let o(c) = -22*c**3 - 21*c**2 + 39*c + 7. Calculate o(2).
-175
Let i(g) = 5296*g + 20653. What is i(-4)?
-531
Let m(t) = -105*t - 20703. Calculate m(-197).
-18
Let y(m) = 630*m + 65313. Give y(-106).
-1467
Let w(v) = -131*v**2 + 888*v + 202. Determine w(7).
-1
Let z(x) = -3*x**3 + 76*x**2 + 13*x + 343. Calculate z(27).
-2951
Let p(s) = 81110*s - 568690. Determine p(7).
-920
Let h(w) = 1158*w + 172596. What is h(-149)?
54
Let p(t) = t**3 - 85*t**2 - 2*t - 613. What is p(85)?
-783
Let u(a) = 9*a**3 - 2359*a**2 + 261*a + 244. Give u(262).
-18
Let n(f) = -17*f**2 + 4328*f - 2540. Calculate n(254).
0
Let m(a) = -a**3 + 69*a**2 - 221*a + 1517. What is m(66)?
-1
Let d(w) = -40*w**2 + 2*w + 21. Give d(-5).
-989
Let p(y) = 2*y**3 - 48*y**2 + 86*y + 33. Give p(9).
-1623
Let m(h) = -68*h**2 + 130*h - 55. Determine m(1).
7
Let g(t) = 177*t**2 + 15930*t + 131. Give g(-90).
131
Let z(p) = -5878*p - 52877. What is z(-9)?
25
Let k(i) = -i**3 - 36*i**2 - 364*i - 1068. What is k(-9)?
21
Let p(g) = -73*g - 3120. Calculate p(-84).
3012
Let y(i) = -7*i**2 - 325*i - 54. Calculate y(-52).
-2082
Let c(r) = 21030*r**2 - 84121*r + 10. Calculate c(4).
6
Let k(j) = 3*j**3 + 21*j**2 + 3*j - 164. Determine k(-12).
-2360
Let k(c) = 2*c**3 - 27*c**2 - 228*c + 3147. Determine k(13).
14
Let r(z) = 276*z - 5824. Determine r(20).
-304
Let s(v) = 831*v - 3712. What is s(5)?
443
Let j(d) = -29*d**2 + 20089*d - 178465. Calculate j(9).
-13
Let r(u) = u**3 + 3*u**2 - 16*u - 475. Give r(9).
353
Let o(u) = 30*u**3 + 7*u**2 - 136*u - 14. Calculate o(3).
451
Let d(r) = -r**2 + 3871*r + 3881. Determine d(-1).
9
Let m(t) = -4074*t - 749457. Give m(-184).
159
Let y(o) = 1217*o + 6000. Give y(-5).
-85
Let h(w) = -11*w**2 - 2128*w - 294. Calculate h(-193).
671
Let s(c) = c**2 - 4*c - 69181. Give s(-261).
-16
Let s(c) = 1326*c - 87590. Calculate s(66).
-74
Let l(a) = -a**3 + 18*a**2 + 2476*a - 52544. What is l(22)?
-8
Let b(a) = -9478*a + 63739. Calculate b(7).
-2607
Let t(y) = y**2 + 766*y + 40417. Calculate t(-57).
4
Let y(p) = 3*p**2 - 2577*p - 297252. Determine y(962).
6
Let y(s) = -5*s**2 + 7*s - 162. What is y(-7)?
-456
Let d(l) = 923*l**3 - l**2 + 50*l - 54. Give d(1).
918
Let p(v) = v**3 - 2*v**2 + 30*v - 1546. What is p(0)?
-1546
Let m(n) = -9498*n + 560389. Determine m(59).
7
Let d(x) = 15*x**3 - 13*x**2 - 29*x + 55. Determine d(2).
65
Let f(c) = c**3 + 6*c**2 + 824*c + 8. What is f(0)?
8
Let c(t) = -t**3 + 216*t**2 - 7306*t - 135. What is c(42)?
-51
Let r(m) = 2601*m + 587831. Calculate r(-226).
5
Let u(r) = 2*r**3 + 424*r**2 + 491*r + 14775. Calculate u(-211).
216
Let n(l) = 2937*l + 76495. Determine n(-26).
133
Let g(v) = 10*v**2 + 2669*v - 13598. Determine g(5).
-3
Let t(f) = 10891*f**2 - 21789*f + 3. Give t(2).
-11
Let v(i) = -1653*i + 56188. What is v(34)?
-14
Let d(j) = -264*j - 9239. Give d(-35).
1
Let j(y) = -2*y**3 - 246*y**2 + 6382*y + 324. Determine j(-145).
34
Let o(a) = 52603*a**2 - 210416*a - 2. Give o(4).
-18
Let w(s) = -527*s + 2775. Give w(9).
-1968
Let g(d) = -50435*d - 50472. What is g(-1)?
-37
Let v(y) = -43*y**2 + 2018*y - 1986. Calculate v(1).
-11
Let k(l) = -l**3 - 18*l**2 - 112*l - 382. Calculate k(-10).
-62
Let j(d) = 27*d**3 + 155*d**2 + 28*d + 11. Calculate j(-5).
371
Let v(b) = 2*b**2 + 77891*b + 1090103. Determine v(-14).
21
Let q(v) = 17*v**2 - 7931*v + 31708. Give q(4).
256
Let d(y) = -26771*y - 722816. What is d(-27)?
1
Let m(o) = -212*o**2 + 2324*o + 62. What is m(11)?
-26
Let f(a) = 3*a**3 + 179*a**2 + 1464*a - 96. Give f(-10).
164
Let r(q) = -1079*q + 16911. Give r(16).
-353
Let d(k) = -2*k**3 - 4*k**2 - 244*k - 2102. Give d(-7).
96
Let u(v) = -82*v - 18119. Deter